y.
11
Let y(j) = 144*j**2 + 4*j - 5. Suppose -35*a + 10 = -25*a. Let x be y(a). What is the greatest common factor of x and 13?
13
Let p = 1 + 17. Let x be (153/(-15))/((-3)/15). Let v = 105 - x. What is the greatest common divisor of p and v?
18
Let b = -36 + 72. Let s be -156*1/(2/(-2)). What is the greatest common factor of s and b?
12
Let w = -796 - -1125. Let f = w + -320. Calculate the greatest common divisor of f and 306.
9
Suppose -x + 18 = r, 0 = 2*x + 4*r - 35 - 5. Let j be (-1089)/44*x/(-6). Suppose 4*g - 150 = j. Calculate the greatest common divisor of g and 27.
27
Let z = 70 + -56. Let x(a) = -a + 46. Let y be x(z). Suppose 4*j - 204 = -4*w, 14 = w + 2*j - y. Calculate the highest common factor of w and 8.
8
Let s(j) = -2*j**3 + 6*j**2 - 3*j + 5. Let x be s(3). Let v be 6312/16 + (-6)/x. Calculate the highest common factor of 36 and v.
36
Let h be 5 + 0 + -305 + -1. Let a = h + 320. What is the greatest common factor of 475 and a?
19
Let r be 41*(-6 - (9 - 14)). Let x(y) = -7*y + 4. Let u be x(5). Let z = u - r. What is the highest common divisor of z and 80?
10
Let q = 13714 - 12294. Calculate the highest common factor of q and 2414.
142
Let t(z) = -z**2 - 25*z - 109. Let n be t(-17). Suppose 45 = 9*l - n. What is the highest common factor of l and 152?
8
Let m(y) = 2*y**3 - 75*y**2 + 216*y + 14. Let j be m(3). Calculate the highest common divisor of j and 13407.
41
Let m = -5514 - -5624. Calculate the greatest common factor of m and 8030.
110
Let k be -1094*3/(-18) + (-5)/15. Let y be 218/8 + 21/28. Calculate the highest common divisor of y and k.
14
Let y = 8885 + -8264. What is the highest common factor of 513 and y?
27
Let c(p) = 3*p**2 + 47*p - 14. Let l be c(-16). Suppose -j + 37 = -3*v, -j + l*v = -4 - 34. What is the highest common factor of 32 and j?
8
Suppose 3*t - 108 = -2*w - 2*w, 3*t - 87 = 3*w. Let q = 92 - t. Let l = 4 + 2. What is the greatest common factor of q and l?
6
Suppose -405 = 3*r - u, -270 = 2*r - 20*u + 24*u. Let j = r - -151. Let l = -3 - -19. What is the highest common factor of l and j?
16
Let m(r) = -45*r + 25*r + 21*r. Let b(v) = 7*v + 36. Let z(l) = b(l) - 4*m(l). Let q be z(-4). Calculate the highest common factor of q and 60.
12
Suppose -29*f + 42*f = 0. Suppose f = 3*r - h - 11 - 115, 0 = -5*h + 15. Calculate the highest common factor of r and 989.
43
Let o(r) = 3*r + 8. Let h be o(13). Suppose 0 = -8*d - 4*d + 528. Let j be (d/8)/1*94. What is the greatest common factor of h and j?
47
Let t(f) = 2*f + 2. Let z be t(8). Let k be (18/(-7))/(3/(-14)). What is the greatest common factor of z and k?
6
Suppose 286*c + 2*g = 283*c - 12, 0 = -5*c - 5*g - 35. Suppose r - 7*f - 34 = -2*f, 5*r + 3*f - 30 = 0. What is the highest common factor of r and c?
1
Suppose 0 = -4*f - 0*f - 4, -3*f - 188 = 5*n. Let y = 53 + n. Suppose o + 1 - y = 0. What is the highest common factor of o and 180?
15
Suppose -16781 - 41398 = -3*z. What is the greatest common divisor of 11 and z?
11
Let p = -369 + 70. Let k = p - -409. What is the greatest common factor of 176 and k?
22
Let f = 11025 + -6513. What is the highest common divisor of f and 47?
47
Suppose -4*x + 13071 - 63399 = -16*x. Calculate the greatest common factor of 18 and x.
18
Let a be (-553090)/(-9225) + (-4)/(-90). What is the highest common factor of 9420 and a?
60
Let j(a) = a**2 - 13*a + 8. Let o be j(9). Let k be (-6 + -1)*72/o. Let n be 21*9 - (-38 + 29). What is the greatest common divisor of k and n?
18
Let j be ((-186770)/(-1140))/(2/36) + -11. Calculate the greatest common divisor of j and 26.
26
Let z = -18 - -21. Suppose -46 = 2*s + 4*c, 5*s - 2*c + 97 = -z*c. Let o = s + 27. What is the greatest common divisor of 32 and o?
8
Suppose -5*u = 5*i, 3*u - 3*i + 8*i + 4 = 0. Let d be (-84)/u*(-6)/4. Let m = d - 27. What is the highest common factor of m and 48?
12
Let s(j) be the second derivative of 1/20*j**5 + 21*j**2 + 0 - 17/12*j**4 - 10/3*j**3 - 22*j. Let c be s(18). Calculate the highest common divisor of 2 and c.
2
Let j(f) = f**2 - 15*f - 116. Let z(m) = m**3 + 5*m**2 - 27*m - 3. Let v be z(-8). Let l be j(v). What is the highest common factor of l and 40?
10
Let x = 2804 + -2716. Calculate the greatest common factor of 152 and x.
8
Suppose 5*p - 10 = -2*x + 139, -3*p = -x + 47. Let j = x + -49. What is the greatest common factor of 351 and j?
13
Suppose -2*k + 2*w + 24 = 0, 42 = 5*k + 7*w - 3*w. Let d be (k - (-460)/(-50))/((-4)/(-950)). Calculate the highest common factor of d and 10.
10
Let j(q) = -17*q - 4. Let y be j(-7). Let f = -104 + y. Calculate the highest common divisor of f and 209.
11
Let h be (-9 + (7 - -7))*103. What is the greatest common factor of h and 5?
5
Let r be 2730/13 + -1 + 1 + -4. Let n = r + -201. Calculate the greatest common factor of n and 25.
5
Suppose -2*u + 51 = 2*k + 71, 0 = k + 4*u + 4. Let y be -3*k/27*-1*-192. Calculate the highest common factor of 32 and y.
32
Let h(v) = -4*v + 24. Let m be h(8). Let z be 24/(-96) + ((-258)/m)/1. Calculate the highest common factor of 2 and z.
2
Let p be 2*(3 - (-84 - 7)). Calculate the greatest common factor of 4324 and p.
188
Let z be (-23 + -3)/(28/(-10) + 8/10). What is the greatest common divisor of z and 8359?
13
Let u = -20 - -65. Suppose 2*f + 2*a = -18, 8*a = 5*a - 9. Let v be (1 + (-3)/f)/((-1)/(-18)). What is the highest common factor of v and u?
9
Let m = -68 + 73. Suppose 4*t = -m*i + i + 20, 2*i = t + 10. Suppose 0 = i*s - 10*s + 160. Calculate the highest common factor of s and 96.
32
Let p be (-3)/(-2)*15/((-270)/(-24)). Suppose 0 = 5*z - 2 - 28. Calculate the greatest common factor of z and p.
2
Let u(f) be the third derivative of f**5/30 + 17*f**4/24 + 19*f**3/3 - 30*f**2. Let i be u(-5). Calculate the highest common factor of i and 57.
3
Let s be (-1520)/(-12)*21/14 + -2. Suppose -s*j + 3900 = -183*j. Calculate the highest common factor of j and 52.
52
Suppose -o - 32 = 2*z - 3*o, -20 = 3*z + 4*o. Let x = 15 + z. Let t(u) = -18*u + 219. Let a be t(12). Calculate the highest common divisor of x and a.
3
Suppose -494*h + 5567 - 1372 = -3709. What is the highest common divisor of h and 3208?
8
Suppose 4*g - 10 = 10. Suppose -g*v - 93 = 2*h - 276, -4*v - 210 = -2*h. Calculate the highest common divisor of h and 9.
9
Let p = -4334 + 6305. Calculate the highest common factor of 27 and p.
27
Suppose 5*x - 206 = n - 271, 2*n - 2*x - 74 = 0. What is the greatest common divisor of n and 642?
6
Let i = 39 + -36. Suppose -3*v - 305 = -5*h, 0*h + 2*h - i*v - 113 = 0. Suppose 16 = -4*z + 36, -5*o = -5*z - 15. What is the highest common factor of h and o?
8
Let o be (-3880)/45 + 4/18. Let v = o - -210. Suppose -27*u + 732 = -9431 + 1793. What is the highest common factor of u and v?
62
Let f = -3890 - -12912. Calculate the greatest common divisor of 52 and f.
26
Suppose 0 = -5*c - 1752 + 4377. Let q(m) = -m**2 + 8*m + 6. Let d be q(5). Calculate the greatest common divisor of d and c.
21
Let z(h) = 4*h + 4. Let u be z(7). Let v(p) = 2*p**2 + 11*p - 20. Let j be v(12). Suppose 4*g + 21*g = j. What is the greatest common factor of g and u?
16
Let i be (44 - 0) + 0 + 0. Let d(u) = 159*u - 88. Let z be d(3). Let l = z - 385. Calculate the highest common divisor of i and l.
4
Suppose -293 = -5*m + f, 5*m - 5*f + 10*f = 305. Let c = 1908 + -1908. Let b be 642 - ((-7)/(-35)*c + -7). Calculate the greatest common factor of m and b.
59
Suppose 12*r - 29*r = -16*r - 72. Calculate the highest common divisor of r and 32.
8
Let o(y) = -47*y + 72. Let w be 12/(-16) + 26/(-8). Let p be o(w). What is the highest common divisor of p and 13?
13
Let m(l) = -l**2 + 36*l + 415. Let u be m(45). Let i = -171 + 519. Let g be i/7 + (-14)/(-49). Calculate the greatest common factor of u and g.
10
Suppose -20 = -347*t + 345*t. Calculate the highest common divisor of t and 490.
10
Let b(m) = -m**3 + 16*m**2 + 23*m - 14. Let o be b(17). Let z be ((-47)/(-4))/(22/o). What is the greatest common divisor of 376 and z?
47
Let d = 5441 + -5189. Calculate the greatest common factor of 198 and d.
18
Let i(c) = 2*c**2 + 5*c - 4. Let z be i(3). Let p = z - 21. Let a = -81 - -137. What is the highest common divisor of p and a?
8
Suppose -30*r + 31*r + 7 = -3*f, f = 2*r - 14. Suppose 20 = -0*s + r*s, -2*